{"id":21,"date":"2024-10-15T21:19:24","date_gmt":"2024-10-15T19:19:24","guid":{"rendered":"https:\/\/praxis-kubacek.at\/?page_id=21"},"modified":"2024-11-23T19:41:10","modified_gmt":"2024-11-23T18:41:10","slug":"notfaelle","status":"publish","type":"page","link":"https:\/\/praxis-kubacek.at\/index.php\/notfaelle\/","title":{"rendered":"Notf\u00e4lle"},"content":{"rendered":"<p><strong>Notf\u00e4lle &#8211; An wen kann ich mich wenden, wenn<\/strong><strong> ich dringend Hilfe ben\u00f6tige? <\/strong><\/p>\n<p>F\u00fcr Notf\u00e4lle gibt es zahlreiche Einrichtungen, die rund um die Uhr erreichbar sind, wie z.B.<\/p>\n<p>Sozialpsychiatrischer Notdienst: 01\/ 313 30<\/p>\n<p>\u00d63 Kummernummer: 116\u00a0123<\/p>\n<p>Telefonseelsorge: 142<\/p>\n<p>&nbsp;<\/p>\n<p>Weitere Einrichtungen finden Sie auf der Homepage des \u00d6sterreichischen Bundesverbandes f\u00fcr Psychotherapie (\u00d6BVP)<\/p>\n<p><a href=\"https:\/\/www.psychotherapie.at\/patientinnen\/notfallkontakte-beratungshotlines\">https:\/\/www.psychotherapie.at\/patientinnen\/notfallkontakte-beratungshotlines<\/a><\/p>\n","protected":false},"excerpt":{"rendered":"<p>Notf\u00e4lle &#8211; An wen kann ich mich wenden, wenn ich dringend Hilfe ben\u00f6tige? F\u00fcr Notf\u00e4lle gibt es zahlreiche Einrichtungen, die rund um die Uhr erreichbar sind, wie z.B. Sozialpsychiatrischer Notdienst: 01\/ 313 30 \u00d63 Kummernummer: 116\u00a0123 Telefonseelsorge: 142 &nbsp; Weitere Einrichtungen finden Sie auf der Homepage des \u00d6sterreichischen Bundesverbandes f\u00fcr [&hellip;]<\/p>\n","protected":false},"author":1,"featured_media":0,"parent":0,"menu_order":0,"comment_status":"closed","ping_status":"closed","template":"","meta":{"_themeisle_gutenberg_block_has_review":false,"footnotes":""},"class_list":["post-21","page","type-page","status-publish","hentry"],"yoast_head":"<!-- This site is optimized with the Yoast SEO plugin v27.5 - https:\/\/yoast.com\/product\/yoast-seo-wordpress\/ -->\n<title>Notf\u00e4lle - Mag. Martina Kubacek<\/title>\n<meta name=\"description\" content=\"Psychotherapie in 1130 Wien\" \/>\n<meta name=\"robots\" content=\"index, follow, max-snippet:-1, max-image-preview:large, max-video-preview:-1\" \/>\n<link rel=\"canonical\" href=\"https:\/\/praxis-kubacek.at\/index.php\/notfaelle\/\" \/>\n<meta property=\"og:locale\" content=\"de_DE\" \/>\n<meta property=\"og:type\" content=\"article\" \/>\n<meta property=\"og:title\" content=\"Notf\u00e4lle - Mag. Martina Kubacek\" \/>\n<meta property=\"og:description\" content=\"Psychotherapie in 1130 Wien\" \/>\n<meta property=\"og:url\" content=\"https:\/\/praxis-kubacek.at\/index.php\/notfaelle\/\" \/>\n<meta property=\"og:site_name\" content=\"Mag. Martina Kubacek\" \/>\n<meta property=\"article:modified_time\" content=\"2024-11-23T18:41:10+00:00\" \/>\n<meta name=\"twitter:card\" content=\"summary_large_image\" \/>\n<script type=\"application\/ld+json\" class=\"yoast-schema-graph\">{\"@context\":\"https:\\\/\\\/schema.org\",\"@graph\":[{\"@type\":\"WebPage\",\"@id\":\"https:\\\/\\\/praxis-kubacek.at\\\/index.php\\\/notfaelle\\\/\",\"url\":\"https:\\\/\\\/praxis-kubacek.at\\\/index.php\\\/notfaelle\\\/\",\"name\":\"Notf\u00e4lle - Mag. Martina Kubacek\",\"isPartOf\":{\"@id\":\"https:\\\/\\\/praxis-kubacek.at\\\/#website\"},\"datePublished\":\"2024-10-15T19:19:24+00:00\",\"dateModified\":\"2024-11-23T18:41:10+00:00\",\"description\":\"Psychotherapie in 1130 Wien\",\"breadcrumb\":{\"@id\":\"https:\\\/\\\/praxis-kubacek.at\\\/index.php\\\/notfaelle\\\/#breadcrumb\"},\"inLanguage\":\"de-AT\",\"potentialAction\":[{\"@type\":\"ReadAction\",\"target\":[\"https:\\\/\\\/praxis-kubacek.at\\\/index.php\\\/notfaelle\\\/\"]}]},{\"@type\":\"BreadcrumbList\",\"@id\":\"https:\\\/\\\/praxis-kubacek.at\\\/index.php\\\/notfaelle\\\/#breadcrumb\",\"itemListElement\":[{\"@type\":\"ListItem\",\"position\":1,\"name\":\"Startseite\",\"item\":\"https:\\\/\\\/praxis-kubacek.at\\\/\"},{\"@type\":\"ListItem\",\"position\":2,\"name\":\"Notf\u00e4lle\"}]},{\"@type\":\"WebSite\",\"@id\":\"https:\\\/\\\/praxis-kubacek.at\\\/#website\",\"url\":\"https:\\\/\\\/praxis-kubacek.at\\\/\",\"name\":\"Mag. Martina Kubacek\",\"description\":\"\",\"publisher\":{\"@id\":\"https:\\\/\\\/praxis-kubacek.at\\\/#\\\/schema\\\/person\\\/2d80395b42fc0839c41d0d1e31eeed90\"},\"alternateName\":\"Psychotherapeutin in Ausbildung unter Supervision\",\"potentialAction\":[{\"@type\":\"SearchAction\",\"target\":{\"@type\":\"EntryPoint\",\"urlTemplate\":\"https:\\\/\\\/praxis-kubacek.at\\\/?s={search_term_string}\"},\"query-input\":{\"@type\":\"PropertyValueSpecification\",\"valueRequired\":true,\"valueName\":\"search_term_string\"}}],\"inLanguage\":\"de-AT\"},{\"@type\":[\"Person\",\"Organization\"],\"@id\":\"https:\\\/\\\/praxis-kubacek.at\\\/#\\\/schema\\\/person\\\/2d80395b42fc0839c41d0d1e31eeed90\",\"name\":\"Martina\",\"image\":{\"@type\":\"ImageObject\",\"inLanguage\":\"de-AT\",\"@id\":\"https:\\\/\\\/praxis-kubacek.at\\\/wp-content\\\/uploads\\\/2024\\\/11\\\/logo-martina-kubacek-corr.png\",\"url\":\"https:\\\/\\\/praxis-kubacek.at\\\/wp-content\\\/uploads\\\/2024\\\/11\\\/logo-martina-kubacek-corr.png\",\"contentUrl\":\"https:\\\/\\\/praxis-kubacek.at\\\/wp-content\\\/uploads\\\/2024\\\/11\\\/logo-martina-kubacek-corr.png\",\"width\":1500,\"height\":244,\"caption\":\"Martina\"},\"logo\":{\"@id\":\"https:\\\/\\\/praxis-kubacek.at\\\/wp-content\\\/uploads\\\/2024\\\/11\\\/logo-martina-kubacek-corr.png\"}}]}<\/script>\n<!-- \/ Yoast SEO plugin. -->","yoast_head_json":{"title":"Notf\u00e4lle - Mag. Martina Kubacek","description":"Psychotherapie in 1130 Wien","robots":{"index":"index","follow":"follow","max-snippet":"max-snippet:-1","max-image-preview":"max-image-preview:large","max-video-preview":"max-video-preview:-1"},"canonical":"https:\/\/praxis-kubacek.at\/index.php\/notfaelle\/","og_locale":"de_DE","og_type":"article","og_title":"Notf\u00e4lle - Mag. Martina Kubacek","og_description":"Psychotherapie in 1130 Wien","og_url":"https:\/\/praxis-kubacek.at\/index.php\/notfaelle\/","og_site_name":"Mag. Martina Kubacek","article_modified_time":"2024-11-23T18:41:10+00:00","twitter_card":"summary_large_image","schema":{"@context":"https:\/\/schema.org","@graph":[{"@type":"WebPage","@id":"https:\/\/praxis-kubacek.at\/index.php\/notfaelle\/","url":"https:\/\/praxis-kubacek.at\/index.php\/notfaelle\/","name":"Notf\u00e4lle - Mag. Martina Kubacek","isPartOf":{"@id":"https:\/\/praxis-kubacek.at\/#website"},"datePublished":"2024-10-15T19:19:24+00:00","dateModified":"2024-11-23T18:41:10+00:00","description":"Psychotherapie in 1130 Wien","breadcrumb":{"@id":"https:\/\/praxis-kubacek.at\/index.php\/notfaelle\/#breadcrumb"},"inLanguage":"de-AT","potentialAction":[{"@type":"ReadAction","target":["https:\/\/praxis-kubacek.at\/index.php\/notfaelle\/"]}]},{"@type":"BreadcrumbList","@id":"https:\/\/praxis-kubacek.at\/index.php\/notfaelle\/#breadcrumb","itemListElement":[{"@type":"ListItem","position":1,"name":"Startseite","item":"https:\/\/praxis-kubacek.at\/"},{"@type":"ListItem","position":2,"name":"Notf\u00e4lle"}]},{"@type":"WebSite","@id":"https:\/\/praxis-kubacek.at\/#website","url":"https:\/\/praxis-kubacek.at\/","name":"Mag. Martina Kubacek","description":"","publisher":{"@id":"https:\/\/praxis-kubacek.at\/#\/schema\/person\/2d80395b42fc0839c41d0d1e31eeed90"},"alternateName":"Psychotherapeutin in Ausbildung unter Supervision","potentialAction":[{"@type":"SearchAction","target":{"@type":"EntryPoint","urlTemplate":"https:\/\/praxis-kubacek.at\/?s={search_term_string}"},"query-input":{"@type":"PropertyValueSpecification","valueRequired":true,"valueName":"search_term_string"}}],"inLanguage":"de-AT"},{"@type":["Person","Organization"],"@id":"https:\/\/praxis-kubacek.at\/#\/schema\/person\/2d80395b42fc0839c41d0d1e31eeed90","name":"Martina","image":{"@type":"ImageObject","inLanguage":"de-AT","@id":"https:\/\/praxis-kubacek.at\/wp-content\/uploads\/2024\/11\/logo-martina-kubacek-corr.png","url":"https:\/\/praxis-kubacek.at\/wp-content\/uploads\/2024\/11\/logo-martina-kubacek-corr.png","contentUrl":"https:\/\/praxis-kubacek.at\/wp-content\/uploads\/2024\/11\/logo-martina-kubacek-corr.png","width":1500,"height":244,"caption":"Martina"},"logo":{"@id":"https:\/\/praxis-kubacek.at\/wp-content\/uploads\/2024\/11\/logo-martina-kubacek-corr.png"}}]}},"_links":{"self":[{"href":"https:\/\/praxis-kubacek.at\/index.php\/wp-json\/wp\/v2\/pages\/21","targetHints":{"allow":["GET"]}}],"collection":[{"href":"https:\/\/praxis-kubacek.at\/index.php\/wp-json\/wp\/v2\/pages"}],"about":[{"href":"https:\/\/praxis-kubacek.at\/index.php\/wp-json\/wp\/v2\/types\/page"}],"author":[{"embeddable":true,"href":"https:\/\/praxis-kubacek.at\/index.php\/wp-json\/wp\/v2\/users\/1"}],"replies":[{"embeddable":true,"href":"https:\/\/praxis-kubacek.at\/index.php\/wp-json\/wp\/v2\/comments?post=21"}],"version-history":[{"count":5,"href":"https:\/\/praxis-kubacek.at\/index.php\/wp-json\/wp\/v2\/pages\/21\/revisions"}],"predecessor-version":[{"id":80,"href":"https:\/\/praxis-kubacek.at\/index.php\/wp-json\/wp\/v2\/pages\/21\/revisions\/80"}],"wp:attachment":[{"href":"https:\/\/praxis-kubacek.at\/index.php\/wp-json\/wp\/v2\/media?parent=21"}],"curies":[{"name":"wp","href":"https:\/\/api.w.org\/{rel}","templated":true}]}}