{"id":12,"date":"2024-10-15T21:15:20","date_gmt":"2024-10-15T19:15:20","guid":{"rendered":"https:\/\/praxis-kubacek.at\/?page_id=12"},"modified":"2024-12-31T19:16:24","modified_gmt":"2024-12-31T18:16:24","slug":"ueber-mich","status":"publish","type":"page","link":"https:\/\/praxis-kubacek.at\/index.php\/ueber-mich\/","title":{"rendered":"\u00dcber mich"},"content":{"rendered":"<p><img loading=\"lazy\" decoding=\"async\" src=\"https:\/\/praxis-kubacek.at\/wp-content\/uploads\/2024\/12\/prkub685-scaled.jpg\" alt=\"\" width=\"2560\" height=\"1707\" class=\"alignnone wp-image-135 size-full\" \/><\/p>\n<p><strong>\u00dcber mich<\/strong><\/p>\n<p>Ich befinde mich in der letzten Phase meiner Ausbildung (unter Supervision) zur Psychotherapeutin an der Wiener psychoanalytischen Akademie.<\/p>\n<p>Im Rahmen meiner Ausbildung war ich in folgenden Einrichtungen t\u00e4tig:<\/p>\n<ul>\n<li>AKH Wien, Sozialpsychiatrie\/Erste Psychosen<\/li>\n<li>Klinik Donaustadt\/Abteilung f\u00fcr Gerontopsychiatrie<\/li>\n<li>Psychotherapeutische Universit\u00e4tsambulanz (SFU) f\u00fcr Kinder und Jugendliche (1040 Wien, Faulmanngasse)<\/li>\n<li>Psychotherapeutische Universit\u00e4tsambulanz (SFU) f\u00fcr Erwachsene (1010 Wien, Salztorgasse)<\/li>\n<\/ul>\n<p>Davor arbeitete ich \u2013 nach Abschluss eines Lehramtsstudiums \u2013 in der Privatwirtschaft, wo ich mich viele Jahre lang als Mitglied des Betriebsrats f\u00fcr die Anliegen der Mitarbeiter einsetzte.<\/p>\n<p>&nbsp;<\/p>\n<p><strong>Was bedeutet &#8222;in Ausbildung unter Supervision&#8220;? <\/strong><br \/>\nIn der letzten Phase der Ausbildung sind ein regelm\u00e4\u00dfiger Austausch mit erfahrenen PsychotherapeutInnen und die Reflexion der eigenen Arbeit verpflichtend vorgesehen.<\/p>\n<p>&nbsp;<\/p>\n<p><strong>Mitgliedschaften<\/strong><\/p>\n<p>Ich bin Mitglied des \u00d6sterreichischen Bundesverbandes f\u00fcr Psychotherapie und des Vereins f\u00fcr Psychoanalytisch Orientierte Psychotherapie.<\/p>\n<p>&nbsp;<\/p>\n<p>&nbsp;<\/p>\n<p>&nbsp;<\/p>\n","protected":false},"excerpt":{"rendered":"<p>\u00dcber mich Ich befinde mich in der letzten Phase meiner Ausbildung (unter Supervision) zur Psychotherapeutin an der Wiener psychoanalytischen Akademie. Im Rahmen meiner Ausbildung war ich in folgenden Einrichtungen t\u00e4tig: AKH Wien, Sozialpsychiatrie\/Erste Psychosen Klinik Donaustadt\/Abteilung f\u00fcr Gerontopsychiatrie Psychotherapeutische Universit\u00e4tsambulanz (SFU) f\u00fcr Kinder und Jugendliche (1040 Wien, Faulmanngasse) Psychotherapeutische Universit\u00e4tsambulanz [&hellip;]<\/p>\n","protected":false},"author":1,"featured_media":0,"parent":0,"menu_order":0,"comment_status":"closed","ping_status":"closed","template":"","meta":{"_themeisle_gutenberg_block_has_review":false,"footnotes":""},"class_list":["post-12","page","type-page","status-publish","hentry"],"yoast_head":"<!-- This site is optimized with the Yoast SEO plugin v27.5 - https:\/\/yoast.com\/product\/yoast-seo-wordpress\/ -->\n<title>\u00dcber mich - Mag. Martina Kubacek<\/title>\n<meta name=\"description\" content=\"Psychotherapie in 1130 Wien\" \/>\n<meta name=\"robots\" content=\"index, follow, max-snippet:-1, max-image-preview:large, max-video-preview:-1\" \/>\n<link rel=\"canonical\" href=\"https:\/\/praxis-kubacek.at\/index.php\/ueber-mich\/\" \/>\n<meta property=\"og:locale\" content=\"de_DE\" \/>\n<meta property=\"og:type\" content=\"article\" \/>\n<meta property=\"og:title\" content=\"\u00dcber mich - Mag. Martina Kubacek\" \/>\n<meta property=\"og:description\" content=\"Psychotherapie in 1130 Wien\" \/>\n<meta property=\"og:url\" content=\"https:\/\/praxis-kubacek.at\/index.php\/ueber-mich\/\" \/>\n<meta property=\"og:site_name\" content=\"Mag. Martina Kubacek\" \/>\n<meta property=\"article:modified_time\" content=\"2024-12-31T18:16:24+00:00\" \/>\n<meta property=\"og:image\" content=\"https:\/\/praxis-kubacek.at\/wp-content\/uploads\/2024\/12\/prkub688-scaled.jpg\" \/>\n\t<meta property=\"og:image:width\" content=\"2560\" \/>\n\t<meta property=\"og:image:height\" content=\"1707\" \/>\n\t<meta property=\"og:image:type\" content=\"image\/jpeg\" \/>\n<meta name=\"twitter:card\" content=\"summary_large_image\" \/>\n<meta name=\"twitter:label1\" content=\"Gesch\u00e4tzte Lesezeit\" \/>\n\t<meta name=\"twitter:data1\" content=\"1 Minute\" \/>\n<script type=\"application\/ld+json\" class=\"yoast-schema-graph\">{\"@context\":\"https:\\\/\\\/schema.org\",\"@graph\":[{\"@type\":\"WebPage\",\"@id\":\"https:\\\/\\\/praxis-kubacek.at\\\/index.php\\\/ueber-mich\\\/\",\"url\":\"https:\\\/\\\/praxis-kubacek.at\\\/index.php\\\/ueber-mich\\\/\",\"name\":\"\u00dcber mich - Mag. Martina Kubacek\",\"isPartOf\":{\"@id\":\"https:\\\/\\\/praxis-kubacek.at\\\/#website\"},\"primaryImageOfPage\":{\"@id\":\"https:\\\/\\\/praxis-kubacek.at\\\/index.php\\\/ueber-mich\\\/#primaryimage\"},\"image\":{\"@id\":\"https:\\\/\\\/praxis-kubacek.at\\\/index.php\\\/ueber-mich\\\/#primaryimage\"},\"thumbnailUrl\":\"https:\\\/\\\/praxis-kubacek.at\\\/wp-content\\\/uploads\\\/2024\\\/12\\\/prkub685-scaled.jpg\",\"datePublished\":\"2024-10-15T19:15:20+00:00\",\"dateModified\":\"2024-12-31T18:16:24+00:00\",\"description\":\"Psychotherapie in 1130 Wien\",\"breadcrumb\":{\"@id\":\"https:\\\/\\\/praxis-kubacek.at\\\/index.php\\\/ueber-mich\\\/#breadcrumb\"},\"inLanguage\":\"de-AT\",\"potentialAction\":[{\"@type\":\"ReadAction\",\"target\":[\"https:\\\/\\\/praxis-kubacek.at\\\/index.php\\\/ueber-mich\\\/\"]}]},{\"@type\":\"ImageObject\",\"inLanguage\":\"de-AT\",\"@id\":\"https:\\\/\\\/praxis-kubacek.at\\\/index.php\\\/ueber-mich\\\/#primaryimage\",\"url\":\"https:\\\/\\\/praxis-kubacek.at\\\/wp-content\\\/uploads\\\/2024\\\/12\\\/prkub688-scaled.jpg\",\"contentUrl\":\"https:\\\/\\\/praxis-kubacek.at\\\/wp-content\\\/uploads\\\/2024\\\/12\\\/prkub688-scaled.jpg\",\"width\":2560,\"height\":1707},{\"@type\":\"BreadcrumbList\",\"@id\":\"https:\\\/\\\/praxis-kubacek.at\\\/index.php\\\/ueber-mich\\\/#breadcrumb\",\"itemListElement\":[{\"@type\":\"ListItem\",\"position\":1,\"name\":\"Startseite\",\"item\":\"https:\\\/\\\/praxis-kubacek.at\\\/\"},{\"@type\":\"ListItem\",\"position\":2,\"name\":\"\u00dcber mich\"}]},{\"@type\":\"WebSite\",\"@id\":\"https:\\\/\\\/praxis-kubacek.at\\\/#website\",\"url\":\"https:\\\/\\\/praxis-kubacek.at\\\/\",\"name\":\"Mag. Martina Kubacek\",\"description\":\"\",\"publisher\":{\"@id\":\"https:\\\/\\\/praxis-kubacek.at\\\/#\\\/schema\\\/person\\\/2d80395b42fc0839c41d0d1e31eeed90\"},\"alternateName\":\"Psychotherapeutin in Ausbildung unter Supervision\",\"potentialAction\":[{\"@type\":\"SearchAction\",\"target\":{\"@type\":\"EntryPoint\",\"urlTemplate\":\"https:\\\/\\\/praxis-kubacek.at\\\/?s={search_term_string}\"},\"query-input\":{\"@type\":\"PropertyValueSpecification\",\"valueRequired\":true,\"valueName\":\"search_term_string\"}}],\"inLanguage\":\"de-AT\"},{\"@type\":[\"Person\",\"Organization\"],\"@id\":\"https:\\\/\\\/praxis-kubacek.at\\\/#\\\/schema\\\/person\\\/2d80395b42fc0839c41d0d1e31eeed90\",\"name\":\"Martina\",\"image\":{\"@type\":\"ImageObject\",\"inLanguage\":\"de-AT\",\"@id\":\"https:\\\/\\\/praxis-kubacek.at\\\/wp-content\\\/uploads\\\/2024\\\/11\\\/logo-martina-kubacek-corr.png\",\"url\":\"https:\\\/\\\/praxis-kubacek.at\\\/wp-content\\\/uploads\\\/2024\\\/11\\\/logo-martina-kubacek-corr.png\",\"contentUrl\":\"https:\\\/\\\/praxis-kubacek.at\\\/wp-content\\\/uploads\\\/2024\\\/11\\\/logo-martina-kubacek-corr.png\",\"width\":1500,\"height\":244,\"caption\":\"Martina\"},\"logo\":{\"@id\":\"https:\\\/\\\/praxis-kubacek.at\\\/wp-content\\\/uploads\\\/2024\\\/11\\\/logo-martina-kubacek-corr.png\"}}]}<\/script>\n<!-- \/ Yoast SEO plugin. -->","yoast_head_json":{"title":"\u00dcber mich - Mag. Martina Kubacek","description":"Psychotherapie in 1130 Wien","robots":{"index":"index","follow":"follow","max-snippet":"max-snippet:-1","max-image-preview":"max-image-preview:large","max-video-preview":"max-video-preview:-1"},"canonical":"https:\/\/praxis-kubacek.at\/index.php\/ueber-mich\/","og_locale":"de_DE","og_type":"article","og_title":"\u00dcber mich - Mag. Martina Kubacek","og_description":"Psychotherapie in 1130 Wien","og_url":"https:\/\/praxis-kubacek.at\/index.php\/ueber-mich\/","og_site_name":"Mag. Martina Kubacek","article_modified_time":"2024-12-31T18:16:24+00:00","og_image":[{"width":2560,"height":1707,"url":"https:\/\/praxis-kubacek.at\/wp-content\/uploads\/2024\/12\/prkub688-scaled.jpg","type":"image\/jpeg"}],"twitter_card":"summary_large_image","twitter_misc":{"Gesch\u00e4tzte Lesezeit":"1 Minute"},"schema":{"@context":"https:\/\/schema.org","@graph":[{"@type":"WebPage","@id":"https:\/\/praxis-kubacek.at\/index.php\/ueber-mich\/","url":"https:\/\/praxis-kubacek.at\/index.php\/ueber-mich\/","name":"\u00dcber mich - Mag. Martina Kubacek","isPartOf":{"@id":"https:\/\/praxis-kubacek.at\/#website"},"primaryImageOfPage":{"@id":"https:\/\/praxis-kubacek.at\/index.php\/ueber-mich\/#primaryimage"},"image":{"@id":"https:\/\/praxis-kubacek.at\/index.php\/ueber-mich\/#primaryimage"},"thumbnailUrl":"https:\/\/praxis-kubacek.at\/wp-content\/uploads\/2024\/12\/prkub685-scaled.jpg","datePublished":"2024-10-15T19:15:20+00:00","dateModified":"2024-12-31T18:16:24+00:00","description":"Psychotherapie in 1130 Wien","breadcrumb":{"@id":"https:\/\/praxis-kubacek.at\/index.php\/ueber-mich\/#breadcrumb"},"inLanguage":"de-AT","potentialAction":[{"@type":"ReadAction","target":["https:\/\/praxis-kubacek.at\/index.php\/ueber-mich\/"]}]},{"@type":"ImageObject","inLanguage":"de-AT","@id":"https:\/\/praxis-kubacek.at\/index.php\/ueber-mich\/#primaryimage","url":"https:\/\/praxis-kubacek.at\/wp-content\/uploads\/2024\/12\/prkub688-scaled.jpg","contentUrl":"https:\/\/praxis-kubacek.at\/wp-content\/uploads\/2024\/12\/prkub688-scaled.jpg","width":2560,"height":1707},{"@type":"BreadcrumbList","@id":"https:\/\/praxis-kubacek.at\/index.php\/ueber-mich\/#breadcrumb","itemListElement":[{"@type":"ListItem","position":1,"name":"Startseite","item":"https:\/\/praxis-kubacek.at\/"},{"@type":"ListItem","position":2,"name":"\u00dcber mich"}]},{"@type":"WebSite","@id":"https:\/\/praxis-kubacek.at\/#website","url":"https:\/\/praxis-kubacek.at\/","name":"Mag. Martina Kubacek","description":"","publisher":{"@id":"https:\/\/praxis-kubacek.at\/#\/schema\/person\/2d80395b42fc0839c41d0d1e31eeed90"},"alternateName":"Psychotherapeutin in Ausbildung unter Supervision","potentialAction":[{"@type":"SearchAction","target":{"@type":"EntryPoint","urlTemplate":"https:\/\/praxis-kubacek.at\/?s={search_term_string}"},"query-input":{"@type":"PropertyValueSpecification","valueRequired":true,"valueName":"search_term_string"}}],"inLanguage":"de-AT"},{"@type":["Person","Organization"],"@id":"https:\/\/praxis-kubacek.at\/#\/schema\/person\/2d80395b42fc0839c41d0d1e31eeed90","name":"Martina","image":{"@type":"ImageObject","inLanguage":"de-AT","@id":"https:\/\/praxis-kubacek.at\/wp-content\/uploads\/2024\/11\/logo-martina-kubacek-corr.png","url":"https:\/\/praxis-kubacek.at\/wp-content\/uploads\/2024\/11\/logo-martina-kubacek-corr.png","contentUrl":"https:\/\/praxis-kubacek.at\/wp-content\/uploads\/2024\/11\/logo-martina-kubacek-corr.png","width":1500,"height":244,"caption":"Martina"},"logo":{"@id":"https:\/\/praxis-kubacek.at\/wp-content\/uploads\/2024\/11\/logo-martina-kubacek-corr.png"}}]}},"_links":{"self":[{"href":"https:\/\/praxis-kubacek.at\/index.php\/wp-json\/wp\/v2\/pages\/12","targetHints":{"allow":["GET"]}}],"collection":[{"href":"https:\/\/praxis-kubacek.at\/index.php\/wp-json\/wp\/v2\/pages"}],"about":[{"href":"https:\/\/praxis-kubacek.at\/index.php\/wp-json\/wp\/v2\/types\/page"}],"author":[{"embeddable":true,"href":"https:\/\/praxis-kubacek.at\/index.php\/wp-json\/wp\/v2\/users\/1"}],"replies":[{"embeddable":true,"href":"https:\/\/praxis-kubacek.at\/index.php\/wp-json\/wp\/v2\/comments?post=12"}],"version-history":[{"count":8,"href":"https:\/\/praxis-kubacek.at\/index.php\/wp-json\/wp\/v2\/pages\/12\/revisions"}],"predecessor-version":[{"id":143,"href":"https:\/\/praxis-kubacek.at\/index.php\/wp-json\/wp\/v2\/pages\/12\/revisions\/143"}],"wp:attachment":[{"href":"https:\/\/praxis-kubacek.at\/index.php\/wp-json\/wp\/v2\/media?parent=12"}],"curies":[{"name":"wp","href":"https:\/\/api.w.org\/{rel}","templated":true}]}}

Über mich

<p><img loading="lazy" decoding="async" src="https://praxis-kubacek.at/wp-content/uploads/2024/12/prkub685-scaled.jpg" alt="" width="2560" height="1707" class="alignnone wp-image-135 size-full" /></p>
<p><strong>Über mich</strong></p>
<p>Ich befinde mich in der letzten Phase meiner Ausbildung (unter Supervision) zur Psychotherapeutin an der Wiener psychoanalytischen Akademie.</p>
<p>Im Rahmen meiner Ausbildung war ich in folgenden Einrichtungen tätig:</p>
<ul>
<li>AKH Wien, Sozialpsychiatrie/Erste Psychosen</li>
<li>Klinik Donaustadt/Abteilung für Gerontopsychiatrie</li>
<li>Psychotherapeutische Universitätsambulanz (SFU) für Kinder und Jugendliche (1040 Wien, Faulmanngasse)</li>
<li>Psychotherapeutische Universitätsambulanz (SFU) für Erwachsene (1010 Wien, Salztorgasse)</li>
</ul>
<p>Davor arbeitete ich – nach Abschluss eines Lehramtsstudiums – in der Privatwirtschaft, wo ich mich viele Jahre lang als Mitglied des Betriebsrats für die Anliegen der Mitarbeiter einsetzte.</p>
<p>&nbsp;</p>
<p><strong>Was bedeutet &#8222;in Ausbildung unter Supervision&#8220;? </strong><br />
In der letzten Phase der Ausbildung sind ein regelmäßiger Austausch mit erfahrenen PsychotherapeutInnen und die Reflexion der eigenen Arbeit verpflichtend vorgesehen.</p>
<p>&nbsp;</p>
<p><strong>Mitgliedschaften</strong></p>
<p>Ich bin Mitglied des Österreichischen Bundesverbandes für Psychotherapie und des Vereins für Psychoanalytisch Orientierte Psychotherapie.</p>
<p>&nbsp;</p>
<p>&nbsp;</p>
<p>&nbsp;</p>

<p>Über mich Ich befinde mich in der letzten Phase meiner Ausbildung (unter Supervision) zur Psychotherapeutin an der Wiener psychoanalytischen Akademie. Im Rahmen meiner Ausbildung war ich in folgenden Einrichtungen tätig: AKH Wien, Sozialpsychiatrie/Erste Psychosen Klinik Donaustadt/Abteilung für Gerontopsychiatrie Psychotherapeutische Universitätsambulanz (SFU) für Kinder und Jugendliche (1040 Wien, Faulmanngasse) Psychotherapeutische Universitätsambulanz [&hellip;]</p>

<!-- This site is optimized with the Yoast SEO plugin v27.5 - https://yoast.com/product/yoast-seo-wordpress/ -->
<title>Über mich - Mag. Martina Kubacek</title>
<meta name="description" content="Psychotherapie in 1130 Wien" />
<meta name="robots" content="index, follow, max-snippet:-1, max-image-preview:large, max-video-preview:-1" />
<link rel="canonical" href="https://praxis-kubacek.at/index.php/ueber-mich/" />
<meta property="og:locale" content="de_DE" />
<meta property="og:type" content="article" />
<meta property="og:title" content="Über mich - Mag. Martina Kubacek" />
<meta property="og:description" content="Psychotherapie in 1130 Wien" />
<meta property="og:url" content="https://praxis-kubacek.at/index.php/ueber-mich/" />
<meta property="og:site_name" content="Mag. Martina Kubacek" />
<meta property="article:modified_time" content="2024-12-31T18:16:24+00:00" />
<meta property="og:image" content="https://praxis-kubacek.at/wp-content/uploads/2024/12/prkub688-scaled.jpg" />
	<meta property="og:image:width" content="2560" />
	<meta property="og:image:height" content="1707" />
	<meta property="og:image:type" content="image/jpeg" />
<meta name="twitter:card" content="summary_large_image" />
<meta name="twitter:label1" content="Geschätzte Lesezeit" />
	<meta name="twitter:data1" content="1 Minute" />
<script type="application/ld+json" class="yoast-schema-graph">{"@context":"https:\/\/schema.org","@graph":[{"@type":"WebPage","@id":"https:\/\/praxis-kubacek.at\/index.php\/ueber-mich\/","url":"https:\/\/praxis-kubacek.at\/index.php\/ueber-mich\/","name":"Über mich - Mag. Martina Kubacek","isPartOf":{"@id":"https:\/\/praxis-kubacek.at\/#website"},"primaryImageOfPage":{"@id":"https:\/\/praxis-kubacek.at\/index.php\/ueber-mich\/#primaryimage"},"image":{"@id":"https:\/\/praxis-kubacek.at\/index.php\/ueber-mich\/#primaryimage"},"thumbnailUrl":"https:\/\/praxis-kubacek.at\/wp-content\/uploads\/2024\/12\/prkub685-scaled.jpg","datePublished":"2024-10-15T19:15:20+00:00","dateModified":"2024-12-31T18:16:24+00:00","description":"Psychotherapie in 1130 Wien","breadcrumb":{"@id":"https:\/\/praxis-kubacek.at\/index.php\/ueber-mich\/#breadcrumb"},"inLanguage":"de-AT","potentialAction":[{"@type":"ReadAction","target":["https:\/\/praxis-kubacek.at\/index.php\/ueber-mich\/"]}]},{"@type":"ImageObject","inLanguage":"de-AT","@id":"https:\/\/praxis-kubacek.at\/index.php\/ueber-mich\/#primaryimage","url":"https:\/\/praxis-kubacek.at\/wp-content\/uploads\/2024\/12\/prkub688-scaled.jpg","contentUrl":"https:\/\/praxis-kubacek.at\/wp-content\/uploads\/2024\/12\/prkub688-scaled.jpg","width":2560,"height":1707},{"@type":"BreadcrumbList","@id":"https:\/\/praxis-kubacek.at\/index.php\/ueber-mich\/#breadcrumb","itemListElement":[{"@type":"ListItem","position":1,"name":"Startseite","item":"https:\/\/praxis-kubacek.at\/"},{"@type":"ListItem","position":2,"name":"Über mich"}]},{"@type":"WebSite","@id":"https:\/\/praxis-kubacek.at\/#website","url":"https:\/\/praxis-kubacek.at\/","name":"Mag. Martina Kubacek","description":"","publisher":{"@id":"https:\/\/praxis-kubacek.at\/#\/schema\/person\/2d80395b42fc0839c41d0d1e31eeed90"},"alternateName":"Psychotherapeutin in Ausbildung unter Supervision","potentialAction":[{"@type":"SearchAction","target":{"@type":"EntryPoint","urlTemplate":"https:\/\/praxis-kubacek.at\/?s={search_term_string}"},"query-input":{"@type":"PropertyValueSpecification","valueRequired":true,"valueName":"search_term_string"}}],"inLanguage":"de-AT"},{"@type":["Person","Organization"],"@id":"https:\/\/praxis-kubacek.at\/#\/schema\/person\/2d80395b42fc0839c41d0d1e31eeed90","name":"Martina","image":{"@type":"ImageObject","inLanguage":"de-AT","@id":"https:\/\/praxis-kubacek.at\/wp-content\/uploads\/2024\/11\/logo-martina-kubacek-corr.png","url":"https:\/\/praxis-kubacek.at\/wp-content\/uploads\/2024\/11\/logo-martina-kubacek-corr.png","contentUrl":"https:\/\/praxis-kubacek.at\/wp-content\/uploads\/2024\/11\/logo-martina-kubacek-corr.png","width":1500,"height":244,"caption":"Martina"},"logo":{"@id":"https:\/\/praxis-kubacek.at\/wp-content\/uploads\/2024\/11\/logo-martina-kubacek-corr.png"}}]}</script>
<!-- / Yoast SEO plugin. -->

Über mich - Mag. Martina Kubacek
